s**2 + 52*s**2 + 2*s - 53*s**2. What is the hundreds digit of o(1)?
2
Let s be (14 + -10)*(-1 - -43). Suppose y - 16 = 3*m + 38, 4*m = -4*y + s. What is the units digit of y?
5
Suppose 5*k - f = -0*f - 23, 5*f - 5 = 3*k. Let h(i) = -14*i - 2. What is the units digit of h(k)?
8
Let p = -1299 + 2003. What is the tens digit of p?
0
Suppose 2*i + 10 = 0, r - 74 = -2*r + 4*i. Let z = r - 15. Suppose -3*f - 3*y = -f - 93, -z*y = -f + 33. What is the units digit of f?
2
Let a(w) = -84*w**3 - w**2 + w + 1. Let o be a(-1). Let s = o - 13. Suppose 35 = i + 3*r, -3*r - s = -2*i - 2*r. What is the tens digit of i?
3
Let r = -12 + 2. Suppose 167 = -3*u + 2. Let m = r - u. What is the tens digit of m?
4
Suppose -4*h - 2352 = -3*q, -3*q = -6*h + 5*h - 597. What is the hundreds digit of (h/(-12) + 0)*(-32)/(-12)?
1
Suppose 2614 = 3*a - 5*m, -2*m + 2374 + 1993 = 5*a. What is the hundreds digit of a?
8
Let r(j) be the third derivative of 0 - 2/3*j**3 + 1/24*j**4 + 0*j + 5*j**2. What is the units digit of r(6)?
2
What is the hundreds digit of (195/9 + -6)*24?
3
Let d = 37 + -37. Suppose o - 20 = -2*x - 2, d = -5*o - 5*x + 75. What is the tens digit of o?
1
Suppose 5*t = -q + 871, 3*q + 748 + 139 = 5*t. What is the units digit of t?
5
Suppose -31 - 83 = -6*r. Suppose 3*i - 6*i + 15 = 0. Let x = r - i. What is the units digit of x?
4
Let x(k) = -k**2 - 16*k + 8. Let y be x(-8). Suppose 20 + y = 4*l. What is the tens digit of l?
2
Suppose 0 = -2*f + 6 - 10. Let u be -1 + f - 16*5. Let s = -55 - u. What is the tens digit of s?
2
Let m be ((-350)/(-20))/((-1)/(-2)). Suppose 0 = d + 5*r - m, r + 0*r - 2 = 0. Let u = 31 - d. What is the units digit of u?
6
Let g = 130 + 468. What is the tens digit of g?
9
Let c(j) = j**2 - 12*j. Let q(v) = v**2 - v + 1. Let z(n) = -c(n) + 2*q(n). What is the units digit of z(9)?
3
Let f(i) = -2*i**3 - 18*i**2 - 4*i - 20. What is the tens digit of f(-12)?
9
Let r = -982 + 1725. What is the hundreds digit of r?
7
Suppose 0 = 6*p - p + 20, 450 = -5*o - 5*p. Let f = -55 - o. What is the units digit of f?
1
Suppose 0 = 8*o - 3 - 77. What is the hundreds digit of (-15)/10 - o/4*-131?
3
Suppose 0 = d - r - 2, 0 = 2*d + 5*r + 5 + 5. Suppose -5*j + 6*j - 141 = d. What is the tens digit of j?
4
Let o = 55 - 16. Suppose -21 - o = -5*z. What is the tens digit of z?
1
Suppose 0 = 5*p + 2*p - 2863. Suppose 5*o - 310 = -3*a + 4*o, p = 4*a - 3*o. What is the hundreds digit of a?
1
Let b = 233 - 118. Let a = b + -14. What is the tens digit of a?
0
Suppose 4*j = -22 + 90. Let h = j + 32. What is the tens digit of h?
4
Let l(o) = -o**3 - 3*o**2 + 5*o. Let u = 3 - 9. What is the units digit of l(u)?
8
Let k = -853 - -1262. What is the units digit of k?
9
Let l = 326 + -192. Let x = l + 189. What is the units digit of x?
3
Let k(u) = -3*u**2 + 3. Let q be k(-2). Let o = q + -2. Let i(x) = -x**2 - 14*x - 16. What is the units digit of i(o)?
7
Let y(f) = -2*f + 7 - 6*f + f**3 + 4*f**2 + 9*f. Let k be y(-4). Suppose k*w + 0 = 117. What is the tens digit of w?
3
Let n = -1158 + 2279. What is the tens digit of n?
2
Suppose o + 3*o - z = 17, 4*z - 8 = -3*o. Suppose b = -o*b - 60. What is the units digit of 2/b + 163/6?
7
Suppose -3*w - 86 = -2. Let q = w + 36. What is the units digit of q?
8
Suppose -3*w = 2*c + 32, -4*c - 64 = -6*w + w. Let g = -9 - c. Suppose -2*j + g*j = 180. What is the units digit of j?
6
Let a = 19 + 18. Let l = a - 35. Suppose 4*w - 16 = -2*t - 2*t, -l*w + t - 1 = 0. What is the units digit of w?
1
Let u(k) = k**2 + 2*k - 3. Let l be u(-5). Let v(q) = -q**2 + 18*q + 12. What is the tens digit of v(l)?
8
Let n = -26 + 27. Suppose o = -0*o - 110. What is the units digit of (o/40)/(n/(-4))?
1
Let t(h) = -5*h**2 - 6*h - 6. Let y be t(-3). What is the units digit of (-4037)/y + (-2)/(-3)?
3
Suppose -5*p = -3*w + 12127, -4*w - 26*p + 23*p = -16179. What is the tens digit of w?
4
Let h = 829 + -813. What is the tens digit of h?
1
Let h = -9 - -11. Let n = -14 - -44. Suppose i + h*i = n. What is the tens digit of i?
1
Let u(s) = s**3 + s**2 + s + 13. Let k be u(0). Let r(t) = -t**2 + 15*t + 5. Let a be r(k). Let o = a - 19. What is the tens digit of o?
1
Let y = -1185 + 2741. What is the tens digit of y?
5
Let b(s) = -2 - 5 + 4*s**2 - 3*s**2 + 0 + 9*s. Let j be b(-10). Suppose -2*n + 75 = j*n. What is the tens digit of n?
1
Suppose 4*o = -756 + 16180. What is the thousands digit of o?
3
Let w = -16 + 29. Let v(f) = f**2 - 4*f - 19. What is the tens digit of v(w)?
9
Suppose -84*y + 7587 = -75*y. What is the units digit of y?
3
Let b be (-5 - 5)*(-3)/6. Let u(o) = 2*o + 3. What is the units digit of u(b)?
3
Suppose 0 = -2*u - 3*x - 80, -u - 19 = 5*x + 21. Let s = u - -77. What is the tens digit of s?
3
Let s(j) = -15*j**3 + 2*j**2 + 7*j - 11. Let w(a) = -8*a**3 + a**2 + 4*a - 6. Let v(u) = -6*s(u) + 11*w(u). Let l = -45 + 47. What is the tens digit of v(l)?
1
Let j(w) = -22*w - 3. Let a be j(-2). Suppose 4*i - 203 = a. What is the tens digit of i?
6
Let v(b) = 11*b + 378. What is the hundreds digit of v(39)?
8
Suppose -3*x + 3478 = 4*y, 0 = -3*x + 2*y + 1526 + 1964. What is the units digit of x?
2
Let s be (-2 - 1) + 18 - 2. Suppose -12*d + s*d - 51 = 0. What is the tens digit of d?
5
Let g be 2/(-12) - (-8)/48. Suppose -14 = -3*b + 2*b + 4*f, g = 4*b - f + 19. Let r(h) = -h**3 - 5*h**2 + 4*h - 8. What is the units digit of r(b)?
4
Let r = 232 + 246. What is the units digit of r?
8
Let q = 247 + 213. What is the tens digit of q?
6
Suppose -4*o + 283 - 83 = 0. Suppose 0 = -4*v - v + o. Let a = v - 4. What is the units digit of a?
6
Let x(p) = p**3 + 7*p**2 - 2*p - 10. Let h be x(-7). Let k = h - 0. Suppose 120 = k*r - 0. What is the units digit of r?
0
Let f = 1021 + -477. What is the tens digit of f?
4
Let y = 29 - 28. Let w(x) = 5 - y - 6*x + x**3 - 2*x**3 + 6*x**2. What is the tens digit of w(4)?
1
Let l(q) = -5*q**3 + 14*q**2 + 49*q + 5. What is the units digit of l(-6)?
5
Suppose 2*l = -3*x - 11, 3*l = 2*l - x - 4. Let p be (40 - -6)*l/2. Let a = -2 - p. What is the tens digit of a?
2
Let c(b) = 5*b**2 + 9*b - 24. Let f = -22 - -27. What is the units digit of c(f)?
6
Let y = -13 + 17. Suppose y*d - 4*n = 4, d = -3*d - 4*n + 12. What is the units digit of -1*d + (23 - 5)?
6
Let w(u) = -10*u - 1. Suppose -m = -1 - 10. Let t(j) = -2*j. Let i(r) = m*t(r) - 2*w(r). What is the units digit of i(-2)?
6
Let h(s) = 121*s - 8. Let n be h(3). Suppose -55 - n = 5*u. What is the units digit of (u/(-8))/((-15)/(-60))?
1
Suppose -2*r + 8 = 0, -44*j = -47*j + r + 13082. What is the thousands digit of j?
4
Let u = -20 - -23. Suppose -u*l = -l - 6, y + 2*l = 29. What is the units digit of y?
3
Suppose -s + 0 = 2. Let p be -2*s/(-8)*2. What is the tens digit of p/(1*3/(-75))?
2
Suppose -5*a + 6 = 3*k - 1, 0 = -4*k + 5*a + 56. What is the units digit of 623/k - (-3 + (-29)/(-9))?
9
Let d = -1 + 1. Let o(a) = -a**2 + 2*a + 2. Let z be o(d). What is the units digit of -19*(z/2)/(-1)?
9
Suppose -5*r - f + 133 = 0, 3*r - 106 = -r - f. What is the tens digit of r?
2
Suppose 0 = -0*j - 3*j - 39. Let x = -1 - j. What is the tens digit of (50/4)/(6/x)?
2
Let m(o) = o**3 - 3*o**2 + 3*o - 4. Let w be m(3). Suppose 0 = -5*k - 4*f - 3, -f = -w*k + 5 + 2. What is the units digit of -1*(k + 12)*-2?
6
Let z = 1490 - 686. What is the tens digit of z?
0
Let n = 44 - -526. What is the units digit of n?
0
Let y(f) = 6*f**2 + 5*f - 12. What is the units digit of y(-25)?
3
What is the tens digit of (-1 - -12)/(1/59)?
4
What is the tens digit of (-68)/(-51) - (-689)/3?
3
Let j be 162/90 + (-1)/(-5). Let c = j + 15. What is the tens digit of c?
1
Let h(t) = -6 + 6*t + 2*t**2 + 4 + 4. Let j be h(-6). Suppose -2*d + j = -28. What is the tens digit of d?
3
Suppose -18 = -2*q - 5*j, 4*j = 3*q + 3*j + 7. Let w be (-3 - 1) + q*23. Let i = w - -46. What is the units digit of i?
9
Let j = -1093 + 1699. What is the hundreds digit of j?
6
Suppose -35 = -9*a + 4*a. Let z = a - -13. What is the units digit of z?
0
Suppose 944 = 3*k - 370. What is the units digit of k?
8
Let r(g) = 20*g + 4 - 65*g - 37*g - 6. What is the units digit of r(-3)?
4
Let k = -4119 + 7767. What is the hundreds digit of k?
6
Suppose -4*n = 4*u - 6028, 4*u = -5*n + 3158 + 2872. What is the units digit of u?
5
Suppose 4 